e of -l**5/20 - 3*l**4/2 + 5*l**3 + 25*l**2/2 - 2*l. Is h(s) a composite number?
True
Let x(n) = -n**2 - 2*n - 6. Let j be x(-5). Let i(v) = v**3 + 27*v**2 - 35*v + 38. Is i(j) a prime number?
False
Let f = -2222142 - -3130349. Is f prime?
False
Is (-1175)/(-20)*2127436/305 composite?
True
Suppose -37*m + 27008110 = 4434743. Is m a prime number?
False
Let u = 3833 - 1938. Let g = -1144 + u. Is g a composite number?
False
Suppose -2*y + z = 15, -5*y - 27 - 18 = -4*z. Let k = 2932 + y. Is k a composite number?
False
Let g(n) be the first derivative of 174*n**2 - 71*n - 46. Is g(12) composite?
True
Suppose o + 43 = 4*o - 4*k, -4*o + 64 = -2*k. Suppose 2*b - 161 = 61. Suppose -16*r = -o*r + b. Is r a prime number?
False
Let u = 21811 - 8360. Is u a prime number?
True
Let f(j) = -j**2 - 3*j - 3. Let t be f(-2). Let h be (-2)/(-4) - t/(-2)*-1721. Let z = -544 + h. Is z a prime number?
True
Let q = -978 - -534. Suppose -x - 3*y + 0*y + 1354 = 0, -4*x + 5407 = 3*y. Let o = x + q. Is o prime?
True
Suppose 5*i + 5*f = 13235, 5*f + 2181 = i - 448. Suppose -3*c = -i - 2282. Is c composite?
True
Suppose x = 9*x - 320. Let f = -40 + x. Suppose f = -8*d + 1525 + 163. Is d a composite number?
False
Let q(i) = 180010*i**2 - 150*i - 297. Is q(-2) a prime number?
False
Let z = 371906 - -109341. Is z prime?
False
Let z = -258894 + 435859. Is z composite?
True
Let o(w) = 883*w**2 - 46*w. Let d be o(5). Let g = 4 + d. Is g prime?
False
Suppose -70*b + 3150656 = -66*b + 6*v, -4 = 2*v. Is b a composite number?
False
Let q(u) = -6*u + 135. Let o be q(23). Is 5032 + (7 - (o - -3)) prime?
True
Suppose -45789 - 223535 = -44*s. Is s prime?
True
Suppose -4*u - 251305 = -5*z, -5*z + 39975 + 211330 = -5*u. Is z a prime number?
True
Let h(p) = -3*p**2 + 443*p - 597. Is h(101) a composite number?
True
Let s(j) = -j**3 - 33*j**2 - j - 41. Let g be s(-33). Let l(f) = -596*f - 33. Is l(g) composite?
True
Let y(s) = s**2 + 104*s - 31. Let w(p) = -p + 1. Let c(o) = -6*w(o) + y(o). Is c(36) a composite number?
True
Suppose -2*k - 3*l = 2*k + 65, -2*l = -5*k - 64. Let x(c) = -2*c**3 - 18*c**2 + 34*c + 23. Is x(k) a prime number?
False
Suppose -3*i - 19 = -q, q + 17 + 4 = -5*i. Let j = -35 - q. Let u = j + 78. Is u prime?
False
Let b(o) = -8*o + 72. Let f be b(9). Suppose -i = -u - f*i + 841, -3*u + 2*i = -2520. Is u prime?
False
Suppose -5*k - 10 = 0, -2*j = -j - k - 19349. Is j composite?
True
Suppose 5*d + 674 = 649. Let o(s) be the second derivative of -9*s**3 + 17*s**2/2 + s. Is o(d) a prime number?
False
Suppose 2*m - 380234 = -4*f, -5*f + f + 380237 = 3*m. Suppose 0 = -10*s + f + 2873. Is s a prime number?
False
Suppose 4*o + f = -17 - 40, 0 = -3*o - 2*f - 44. Let v = -1 - o. Suppose v*g - 7044 = g. Is g a prime number?
True
Suppose 10*k - 2867 = -15157. Let p = -352 - k. Is p a prime number?
True
Let s be (-15)/1 + 2*2/(-2). Let j = s - -21. Is j/12*(-12)/(-8)*518 composite?
True
Suppose -21*y = -84*y + 28*y + 10363465. Is y prime?
True
Let t = 264 - 86. Suppose t*q - 177*q = 397. Is q a prime number?
True
Let t(d) = 4708*d**2 + 36*d + 127. Is t(-6) prime?
True
Suppose 64*r + 1411046 = 78*r. Is r a prime number?
False
Let w = -9566 - -20077. Is w a composite number?
True
Suppose 0 = 286*m - 289*m + 482343. Suppose 0 = -19*p + m + 87150. Is p a composite number?
False
Suppose -43*s + 2336629 = 64*s - 307662. Is s prime?
False
Let c = 92 - 90. Suppose 0 = 5*f + 2*z - 6180, -2*f + 5*z + 4911 = c*f. Is f composite?
True
Suppose 3*l - 136595 = -4*a, -4*l + 191128 = 3*a + 9006. Is l a composite number?
True
Suppose 2337538 = 725*m - 711*m. Is m a composite number?
False
Suppose 6341 = -2*s - 3*f, -19*s + 3*f = -15*s + 12691. Let y = 31851 - s. Is y a composite number?
False
Is ((-2412)/(-54))/(2/5979) a composite number?
True
Let d(i) = -i**3 + 4*i**2 + i - 2. Suppose 0 = 2*z + 2*y - 7*y - 3, -5*z = 5*y - 25. Let x be d(z). Is (-11265)/5*((-6)/9)/x a composite number?
False
Let v(w) = 305*w**2 - 494*w + 23. Is v(18) prime?
False
Suppose 5*f + 3*n - 1 = 0, 3*n - 5 - 2 = f. Let c be 3/6*(-3 - f) - -2396. Suppose -5*d + 3*s + 1296 = -1099, -5*d + c = -s. Is d a prime number?
True
Suppose 3*r = -0*r + 2*b - 418, 3*r = -4*b - 442. Let p = r - 246. Let k = p + 785. Is k prime?
True
Suppose 11*a - 107792 = 77613. Is a a composite number?
True
Let g = 165 + -165. Suppose 21 = a - r, g*a + a + 3*r = 21. Is a prime?
False
Let o(r) = 3*r + 1. Let u(b) = 82*b - 167. Let p(q) = -4*o(q) - u(q). Is p(-37) a composite number?
True
Suppose -i + 4845 = -2*q, -20*i + 23*i - 3*q = 14541. Is i composite?
True
Let q(y) = -2035*y + 8. Let l be q(-3). Suppose 10 = -0*h + 5*h. Suppose -5*k - 2*n + l = 0, 4*k - 4896 = 2*n + h*n. Is k a prime number?
True
Suppose 3*n = a + 50, n - 2*a + 0 = 15. Suppose 0 = -n*f - 6*f + 127397. Is f a prime number?
False
Is (-2824)/(-12)*4884/88 a composite number?
True
Let l = -114 - -127. Suppose 3*d = 4*d - 5, l = -p - d. Is 8/p + (-93194)/(-18) prime?
False
Let f = 133 + -121. Is ((-4230)/f + -2)*-2 a prime number?
True
Let h = -131764 - -250103. Is h composite?
True
Is 861610/((-20)/(-4))*(-1)/(-2) composite?
False
Is 4/6 - ((-163888256)/384 + (-20)/2) prime?
False
Let q(s) = 7431*s**2 - 19*s - 97. Is q(-5) a prime number?
False
Let o(j) be the third derivative of -j**6/120 + 2*j**5/15 - j**4/6 - 5*j**3/6 - 6*j**2. Let q be o(8). Let b = 90 + q. Is b composite?
False
Let n(u) = -u**3 - 32*u**2 + 66*u + 178. Is n(-57) prime?
True
Let p be 15/3*-1*-1. Let j be (4 - 35/(-2))*162. Suppose -p*s + j = -532. Is s prime?
False
Let b be 3*(120/18)/5. Let g(s) = 511*s**2 + 6*s + 3. Is g(b) prime?
False
Is -8*(-3)/84*12767286/12 composite?
False
Is ((-42)/21 - -3)/(3/25257) composite?
False
Let j be 0 - -1 - 1 - -2872. Let p = -13539 + 13542. Suppose -j = p*g - 11059. Is g a composite number?
False
Suppose 4*g = -5*q + 2245, 477 = 5*q + 3*g - 1768. Suppose -3*o + q = -0*u - u, -5*o = 2*u + 854. Let t = 783 + u. Is t prime?
False
Suppose 14*p = 13*p + 20. Suppose -8*t = 4 - p. Is (1 - t) + 1128 - (2 + 2) a composite number?
False
Suppose 0 = 4*l - u - 2*u - 29, 5*u = -4*l + 69. Suppose 2*b - 6*y = -l*y + 5443, -2*b - 2*y = -5440. Is b prime?
True
Suppose 5610 = -26*w + 23*w. Let d = w - -443. Let j = d + 2541. Is j a prime number?
False
Suppose -34*h - 30970 = -33*h - 198857. Is h a composite number?
False
Let s = -241 - -676. Let x = s - 2710. Let c = -1020 - x. Is c a prime number?
False
Let r be 0 - 13/(26/1692). Let i = 31 - r. Is i prime?
True
Suppose -2*v + 20 = 336. Let l = v - -976. Is l a prime number?
False
Let j(n) = -11*n**3 + 19*n**2 - 24*n - 5. Is j(-12) a composite number?
False
Let z(k) = -2*k**2 - 45*k + 16. Let d be z(-23). Is (-2 - -3)*d + 6204 prime?
True
Let w = 49028 - -14239. Is w a prime number?
False
Suppose 5*n - 6*n = 2*o - 60096, 3*n = -5*o + 150240. Suppose -o - 18256 = -8*j. Is j prime?
False
Suppose 5*b = -p + 1735698, -4*p - 6*b + 6942887 = -5*b. Is p composite?
True
Suppose 4*y - 2*y - 11 = -n, -5*y - 2*n + 25 = 0. Is y/(48/182468) - (-6)/8 prime?
False
Suppose -27*h + 32*h = 5020. Let z = 2475 - h. Is z a composite number?
False
Suppose -70*o = -72*o. Is -27 + 25 + 12883 + o a prime number?
False
Let a(v) = 1761*v**2 + 21*v + 3*v - 6 - 28*v. Is a(-1) prime?
True
Suppose 3*w - 18*z + 14*z = 61, -5*z + 56 = 2*w. Suppose -n + 1714 = -w*q + 18*q, -q - 1710 = -n. Is n prime?
True
Suppose 9081391 = 203*p - 111866212. Is p prime?
True
Suppose 0 = m - 4*c - 219007 - 199682, -837367 = -2*m - 3*c. Is m prime?
False
Let w be 0 + ((-3641)/(-33))/(2/6). Is w*26 + (3 - 0) - 4 a prime number?
False
Let s = -26 + 34. Suppose 3*m = 17 - s. Suppose 46 = m*g + 7. Is g prime?
True
Let w be -2 + -1 - (-4)/((-4)/(-3)). Suppose s = 3*v - 236 + 71, 4*v + 3*s - 207 = w. Let y = v - 20. Is y a prime number?
False
Let t(x) = -15*x**3 - 2*x**2 - 2*x - 1. Let k be t(-1). Let l be 66*k/4*8/6. Let s = l + -109. Is s a composite number?
False
Let i(m) = -2*m**2 + 8*m - 3. Let l be i(18). Let n = l - -1072. Is n a prime number?
False
Let s = -1073 + 2287. Let y = 263 + s. Is y a composite number?
True
Suppose -5*p + 25 = -25. Let b be (-1778)/p + 6/(-30). Let w = b - -365. Is w a prime number?
False
Suppose 501934 - 6377992 = -3*y - 5*k, y + 2*k - 1958687 = 0. Is y a composite 